 -3*c - 12 = -v*c. Let i = 1 - c. What are the prime factors of i?
5
Let f(n) = -n. Let x be (0/1)/2 + 1. Let q be (12/14)/(x/(-7)). What are the prime factors of f(q)?
2, 3
Let f(h) = h - 2. Let l(p) = p**2 - 4*p + 6. Let m be l(4). Let x be f(m). Let u = 11 + x. List the prime factors of u.
3, 5
Let a be 2/(-7) + 65/7. Suppose -a = 5*l - 34. Suppose l*v = -3*t + 2*t + 36, 2*v - 4*t = 32. List the prime factors of v.
2
Let t be (-616)/7*(0 - 2). Let m = 302 - t. Suppose 4*s + m = 5*f, 0*s + 8 = -2*s. List the prime factors of f.
2, 11
Let q(s) = s**3 - s**2 + 2. What are the prime factors of q(5)?
2, 3, 17
Suppose -4*f = -2*f. Suppose -3*r + 84 + 0 = f. Suppose -3*v = -5*p + r, p + 5*v = -p + 5. List the prime factors of p.
5
Let o(r) = r**3 + 6*r**2 + 7*r + 11. Let j be o(-5). Let p = 0 + 1. What are the prime factors of (p/3)/(j/12)?
2
Suppose -1 = 3*y - 4, -221 = 5*w - y. Let c = -6 - w. What are the prime factors of c?
2, 19
Let t = -12 - -56. Suppose 3*c - 20 = c + 2*p, 3*c + 4*p - t = 0. Suppose -x = -0*x - c. What are the prime factors of x?
2, 3
Suppose 0 = 4*j - 146 + 6. What are the prime factors of j?
5, 7
Suppose 268 = 4*o + 2*g, 6 = -4*g - 2. Suppose -5*t + 72 = -o. List the prime factors of t.
2, 7
Let c(g) = -9*g + 9. List the prime factors of c(-4).
3, 5
Suppose -3*q = -q - 6. Suppose -q*s + f = -103, -75 = -5*s - 2*f + 82. List the prime factors of s.
3, 11
Suppose c - 2*c + 23 = 2*d, 0 = -4*c + 12. Let n = d - 5. Suppose n*r + 40 = 5*m, 3*m + r - 18 = -2*r. What are the prime factors of m?
7
Suppose 0 = 4*l + 4, 4*h + 5*l = 7. Suppose 4*b - h*q - 46 = -4*q, 0 = b + q - 13. What are the prime factors of b?
11
Let q(b) = -8*b**3 + 0 + 5*b**3 - 1 + 4 + 3*b. List the prime factors of q(-2).
3, 7
Let q(j) = j**3 + 8*j**2 - 11*j - 1. What are the prime factors of q(-9)?
17
Let x(u) = -u + 1. Let h(d) = d**2 - 7*d + 7. Let k(y) = h(y) - 5*x(y). What are the prime factors of k(3)?
5
Suppose 108*i - 119 = 107*i. List the prime factors of i.
7, 17
List the prime factors of 1 - 1 - ((-4)/(-2) + -16).
2, 7
Suppose -4*v - v + 5 = 2*c, 5*c - 25 = 0. Let z(h) = -9*h**2 - 1. Let s be z(v). What are the prime factors of (18/s)/((-2)/10)?
3
Let g = 98 - 56. What are the prime factors of g?
2, 3, 7
Suppose -u - 45 = -2*f, -3*u + 19 = f - 0*f. Let o = f - 37. List the prime factors of 10/o*(-45)/2.
3, 5
Let l(s) = -16*s - 3. What are the prime factors of l(-2)?
29
Let u be 2/8*-2*24. Let b = 25 + u. Let x = 19 - b. What are the prime factors of x?
2, 3
Suppose 7*i - 8*i + 15 = 0. Suppose -55 = -5*b + 3*a - 16, -b = -3*a - i. List the prime factors of b.
2, 3
Let d be 0 + 1 - (2 + 3). Let i(j) be the second derivative of -j**3/6 + j**2/2 + 6*j. What are the prime factors of i(d)?
5
Let c(n) = 5*n - 2. List the prime factors of c(3).
13
Let t = 12 - 0. Suppose -3*c + 18 = -t. What are the prime factors of c?
2, 5
Suppose 4*d - 736 = -4*a - 0*d, -3*a + d = -572. What are the prime factors of a?
3, 7
Let f(v) be the first derivative of v**3/3 - 3*v**2/2 + 5*v - 3. What are the prime factors of f(5)?
3, 5
Suppose -t + 41 = 3*c - 106, 3*t + c = 433. Suppose 5*v = -3*q + 3*v + 83, -4*q + 4*v = -t. What are the prime factors of q?
31
Let k(i) be the third derivative of i**4/8 - i**3 - 3*i**2. What are the prime factors of k(6)?
2, 3
List the prime factors of 71 + 2/(-4)*6.
2, 17
Let o be 71 - (-6)/((-3)/1). Suppose 5*j - o = 86. List the prime factors of j.
31
Let w = 11 - 5. List the prime factors of -2*9/w*-1.
3
Suppose 0 = -4*x - 2*p + 201 + 519, -730 = -4*x + 3*p. List the prime factors of x.
181
Let x = 327 + -192. What are the prime factors of x?
3, 5
Let n be -4 + 1 - -2*2. Suppose -14 = 5*m + n. What are the prime factors of 18/12*(-22)/m?
11
Let n = 222 + -153. List the prime factors of n.
3, 23
Let u(p) = p**3 - 8*p**2 + 11*p - 8. Let v = -11 - -18. List the prime factors of u(v).
2, 5
Suppose -2*j + t + 43 = -180, 5*j - 550 = t. List the prime factors of j.
109
Let f(u) = -2*u**3 + 6*u**2 + u. Let p(x) = -5*x**3 + 12*x**2 + x - 1. Let n(s) = -7*f(s) + 3*p(s). List the prime factors of n(-6).
3, 7
Let g(c) = c**2 - 4*c + 3. Let w be g(4). Suppose -3*z + 3 = -w. What are the prime factors of z?
2
Suppose -2*f + 51 + 17 = 0. List the prime factors of f.
2, 17
Suppose -20 = 3*h - 7*h. Suppose -x + h*q - 50 = -4*x, -5*q - 25 = 0. List the prime factors of x.
5
Let a(w) = -w**3 - 5*w**2 + w - 3. Let c be a(-5). Let q = c - -18. List the prime factors of q.
2, 5
Suppose 0 = -5*w - d - 40, -5*d + 2*d = 4*w + 43. List the prime factors of 12/(-7)*w/2.
2, 3
Let b be 245/77 + (-2)/11. Let p = b - 0. List the prime factors of p.
3
Let k(o) = 3*o + 6. Let j be k(-5). Let y = j - -13. Let c = y + -2. List the prime factors of c.
2
Suppose -4*l - 1 = -5*l. Suppose -4*v = 3*j - 2*j - 53, v = -5*j - l. List the prime factors of v.
2, 7
Suppose 5*r + p - 187 = 0, -5*r + 4*p + 11 = -191. Suppose -14 + r = -4*n. Let w(y) = -y**2 - 8*y - 6. List the prime factors of w(n).
2, 3
Suppose -2*l + l + 82 = 0. What are the prime factors of l?
2, 41
Let n(s) = s**2 - s - 7. List the prime factors of n(7).
5, 7
Let z(j) = j**2 + j + 1. Let i be z(-4). Suppose -2*m + i = -1. List the prime factors of m.
7
Let v(q) = q**2 - 2*q - 4. Let g be v(4). Let n = 6 - g. List the prime factors of n.
2
Let h = -33 - -47. Let c be 8/(-28) - (-4)/h. Suppose c = t - 5*t + 44. List the prime factors of t.
11
Suppose -i - 1 = 0, s = 3*s + i - 129. List the prime factors of s.
5, 13
Let k(h) = -h - 2. Let w(q) = 2*q + 5. Let n(g) = -7*k(g) - 3*w(g). Let r(u) = 3*u - 2. Let c(o) = -5*n(o) + r(o). List the prime factors of c(-4).
11
Let n be (2*-2)/8*34. Let p(h) = h - 2. Let y be p(-9). Let o = y - n. What are the prime factors of o?
2, 3
Let m(d) = 2*d - 10. Let w be m(7). Suppose w*v - 18 = 3*v. List the prime factors of v.
2, 3
Let y = 10 + -15. Let f = y + 10. Suppose -o + 6 = 4*d - f*d, -4*d - 19 = -3*o. List the prime factors of o.
5
Suppose 3*v - 10 = -2*v. Suppose v*g + 12 = 3*g. What are the prime factors of g?
2, 3
Suppose k - 32 = -l, 3*k + 2*l = -5 + 99. List the prime factors of k/(-4)*10/(-15).
5
Let t(v) = v**3 + 9*v**2 + 13*v - 12. Let z be t(-7). Let r(q) be the second derivative of -q**3/2 - q**2 - q. What are the prime factors of r(z)?
13
Suppose -15 = j - 46. Let n = 0 - -13. Let p = j - n. What are the prime factors of p?
2, 3
Let g be ((-2)/3)/((-4)/6). Suppose q + 0 = g. List the prime factors of ((-1)/(-3))/q*9.
3
Let l(z) = 3*z**2 + 5*z**2 + 3 - z**3 + 3*z**2. Let r be l(11). Let b = 2 + r. List the prime factors of b.
5
What are the prime factors of 6/(-12)*(-141 + 1)?
2, 5, 7
Suppose 0 = 2*t - 185 - 7. What are the prime factors of t?
2, 3
Let y(n) = -11*n - 10. Let x(m) = -11*m - 9. Let c(q) = -4*x(q) + 3*y(q). Let k be c(-4). Let o = -24 - k. What are the prime factors of o?
2, 7
Let m(i) = 10*i - 3. Let q(d) = -50*d + 14. Let x(g) = -14*m(g) - 3*q(g). What are the prime factors of x(1)?
2, 5
What are the prime factors of (-1)/2 - (-357)/6?
59
Let a = 274 + -112. List the prime factors of a.
2, 3
Suppose 2*m = u - 5*u + 10, -3*m - u = -10. Suppose 0 = -m*k + 16 - 4. Suppose -15 = -k*c + 29. What are the prime factors of c?
11
Let p = -1 - -5. List the prime factors of (p/(-8))/((-1)/74).
37
Suppose -1 = 4*g - 9. Suppose -3*w + 10 = g*w. List the prime factors of (w - 0 - 3)*-12.
2, 3
Suppose m - 3 = 1. List the prime factors of m.
2
Let y = -26 - -20. List the prime factors of y*(-2)/(-3) - -36.
2
Let t = 449 - 199. List the prime factors of t.
2, 5
Let g = 0 - -3. Suppose y - 5 = -g. Suppose o - y*o = -4. What are the prime factors of o?
2
Let b(k) = -2*k - 6. Let j be b(-4). Let s(o) = -6 + o**3 + 3*o**j - 3*o**2 - 3*o**2 - 6*o. List the prime factors of s(5).
2, 7
Let o(h) = 4*h + 2 - 3*h - 2*h + 3*h**2. List the prime factors of o(-2).
2
Let o = -3 - -6. Suppose 0 = o*x + y + y - 109, -2*x = -4*y - 94. What are the prime factors of x?
3, 13
Let h be 3/(-4) + (-45)/(-12). Let y = 7 - h. List the prime factors of y.
2
Suppose -4*k + 0*q + 32 = -4*q, 5*k - q = 32. Let o(z) = 3*z - 3*z - k + 0 + z. What are the prime factors of o(9)?
3
Let g(r) = -7*r - 1. Let f = -4 + 2. List the prime factors of g(f).
13
Let b(y) = -y**2 + 9*y + 1. Suppose l + 8 = 1. Let